ulate the highest common factor of 2533158 and 54.
18
What is the greatest common divisor of 742 and 1457606?
106
Calculate the greatest common factor of 117 and 34541.
13
What is the highest common divisor of 12795 and 885?
15
What is the highest common divisor of 31108 and 847?
77
What is the greatest common divisor of 651 and 903?
21
Calculate the greatest common factor of 3111940 and 40.
20
Calculate the highest common divisor of 2449 and 5846.
79
Calculate the greatest common divisor of 18 and 85194.
18
Calculate the highest common factor of 176 and 1262184.
88
What is the highest common factor of 15 and 52215?
15
Calculate the greatest common divisor of 875700 and 96.
12
Calculate the highest common factor of 4860 and 13560.
60
Calculate the highest common factor of 123957 and 9.
9
What is the greatest common factor of 478740 and 330?
30
What is the highest common divisor of 8816 and 7600?
304
Calculate the highest common factor of 182448 and 9128.
56
What is the highest common divisor of 32 and 4378?
2
Calculate the highest common divisor of 4510 and 1670.
10
What is the greatest common divisor of 26530 and 350?
70
What is the greatest common factor of 2548 and 406?
14
What is the highest common factor of 7 and 25739?
7
Calculate the greatest common divisor of 5338 and 3502.
34
What is the greatest common divisor of 239955 and 8160?
255
Calculate the highest common divisor of 1209 and 25017.
93
What is the greatest common factor of 72 and 10278?
18
What is the greatest common divisor of 10700 and 71900?
100
Calculate the greatest common factor of 11799695 and 415.
415
What is the highest common divisor of 586 and 13771?
293
Calculate the highest common factor of 65453 and 74.
37
Calculate the greatest common divisor of 160364 and 3572.
188
What is the greatest common factor of 3042 and 23166?
234
What is the greatest common divisor of 74918 and 1739?
47
Calculate the greatest common factor of 150 and 22850.
50
What is the greatest common divisor of 95222 and 8366?
94
What is the highest common factor of 730 and 830?
10
Calculate the greatest common divisor of 582819 and 3537.
393
What is the highest common divisor of 173408 and 32?
32
What is the greatest common factor of 271366 and 482?
482
Calculate the highest common factor of 10 and 2662.
2
Calculate the highest common factor of 429 and 663.
39
What is the greatest common divisor of 305 and 815?
5
What is the highest common divisor of 120 and 87720?
120
Calculate the greatest common factor of 112 and 20069.
7
Calculate the highest common divisor of 1067 and 44110.
11
What is the greatest common divisor of 54 and 954801?
27
Calculate the greatest common divisor of 160940 and 5.
5
Calculate the highest common factor of 263989 and 44.
11
What is the greatest common divisor of 300 and 1572?
12
What is the greatest common factor of 261 and 2137851?
261
What is the highest common factor of 872 and 138866?
218
Calculate the greatest common divisor of 256506 and 6.
6
What is the highest common factor of 147 and 734167?
49
Calculate the highest common divisor of 1159 and 74725.
61
What is the greatest common factor of 14561 and 1?
1
Calculate the greatest common divisor of 54 and 1967.
1
What is the greatest common divisor of 9389 and 13282?
229
Calculate the greatest common divisor of 3645 and 184761.
81
What is the highest common divisor of 1046961 and 63?
9
Calculate the greatest common divisor of 36544 and 20.
4
What is the highest common factor of 48 and 549008?
16
What is the highest common factor of 153 and 354?
3
What is the highest common factor of 1018324 and 76?
76
Calculate the highest common factor of 8694 and 1610.
322
Calculate the greatest common divisor of 1426 and 2438.
46
What is the highest common factor of 150 and 937050?
150
What is the highest common factor of 2022 and 849577?
337
Calculate the highest common factor of 191797 and 713.
713
Calculate the greatest common factor of 70 and 55748.
14
Calculate the greatest common divisor of 184 and 1588.
4
What is the highest common factor of 70187 and 949?
13
Calculate the greatest common divisor of 264808 and 184.
8
What is the highest common factor of 95 and 51915?
5
Calculate the greatest common divisor of 299 and 11128.
13
Calculate the highest common factor of 133 and 242782.
19
What is the highest common divisor of 26 and 13408?
2
What is the highest common divisor of 1919 and 38?
19
Calculate the greatest common divisor of 228574 and 46.
46
Calculate the highest common divisor of 4753 and 245.
49
What is the greatest common divisor of 2465 and 1595?
145
Calculate the highest common factor of 66 and 330880.
22
Calculate the highest common divisor of 5371 and 41.
41
Calculate the greatest common divisor of 9 and 33237.
9
Calculate the greatest common factor of 143 and 8756.
11
What is the highest common divisor of 1695 and 10995?
15
What is the highest common factor of 105 and 245840?
35
What is the highest common factor of 365 and 131765?
365
Calculate the highest common factor of 254319 and 117.
39
What is the highest common factor of 1895 and 1137?
379
Calculate the greatest common factor of 294003 and 54.
27
What is the greatest common factor of 24645 and 481770?
795
What is the greatest common divisor of 3250926 and 28?
14
What is the greatest common divisor of 250 and 8?
2
What is the greatest common divisor of 111718 and 4316?
166
What is the greatest common divisor of 906 and 192?
6
What is the greatest common factor of 23985 and 1170?
585
What is the greatest common divisor of 1130 and 70?
10
What is the highest common divisor of 261 and 1755?
9
What is the greatest common factor of 739512 and 360?
72
What is the highest common divisor of 4466 and 21721?
203
What is the highest common factor of 77784 and 48?
24
Calculate the highest common divisor of 2397 and 1589493.
141
Calculate the highest common factor of 733915 and 3185.
455
What is the highest common divisor of 155720 and 200?
40
What is the greatest common divisor of 2860 and 15340?
260
What is the greatest common factor of 1185 and 52851?
237
What is the highest common factor of 2507 and 4899?
23
Calculate the highest common factor of 16 and 157104.
16
Calculate the greatest common divisor of 87 and 2293929.
87
What is the greatest common factor of 199333 and 106?
53
Calculate the greatest common divisor of 1972350 and 135.
135
Calculate the greatest common divisor of 458 and 1046530.
458
What is the highest common factor of 1152 and 10224?
144
What is the highest common divisor of 451 and 35424?
41
Calculate the highest common factor of 1504 and 20192.
32
Calculate the highest common divisor of 22575 and 45.
15
What is the highest common factor of 4815 and 360?
45
Calculate the greatest common divisor of 58226 and 42.
14
Calculate the highest common factor of 83 and 91549.
83
Calculate the highest common factor of 5307 and 4575.
183
Calculate the highest common divisor of 580944 and 78.
78
What is the highest common factor of 164060 and 1560?
260
What is the greatest common factor of 87 and 1440720?
87
Calculate the greatest common factor of 4675 and 901.
17
What is the greatest common factor of 672 and 43533?
21
What is the highest common divisor of 32 and 101872?
16
Calculate the greatest common factor of 284830 and 939.
313
What is the greatest common factor of 674 and 226?
2
Calculate the highest common factor of 934 and 1774.
2
What is the highest common divisor of 60 and 260868?
12
Calculate the highest common divisor of 15652 and 12852.
28
What is the greatest common divisor of 2470 and 285?
95
What is the greatest common divisor of 8 and 22588?
4
Calculate the greatest common factor of 128 and 5904.
16
Calculate the highest common factor of 474018 and 10719.
1191
What is the greatest common factor of 31666 and 1136?
142
Calculate the highest common divisor of 85 and 30005.
85
What is the highest common factor of 331 and 7613?
331
Calculate the highest common divisor of 936 and 26000.
104
What is the highest common divisor of 234 and 5655?
39
What is the highest common divisor of 60 and 217420?
20
What is the greatest common divisor of 43296 and 96?
96
Calculate the greatest common divisor of 1840404 and 12.
12
Calculate the highest commo